ime factors of 72077291.
11, 13, 59, 8543
List the prime factors of 211139900.
2, 5, 97, 21767
List the prime factors of 2369031087.
3, 789677029
What are the prime factors of 217101330?
2, 3, 5, 163, 4933
List the prime factors of 109530830.
2, 5, 17, 23, 109, 257
What are the prime factors of 3699572571?
3, 9883, 41593
List the prime factors of 55819253.
7, 7974179
List the prime factors of 60966176.
2, 419, 4547
What are the prime factors of 274873223?
29, 9478387
What are the prime factors of 17915157?
3, 13, 19, 8059
What are the prime factors of 5717786084?
2, 1429446521
What are the prime factors of 41026822?
2, 29, 707359
List the prime factors of 1301291209.
19, 47, 1457213
What are the prime factors of 44783815?
5, 1523, 5881
What are the prime factors of 11871551?
11871551
List the prime factors of 60867446.
2, 17, 31, 43, 79
What are the prime factors of 121270715?
5, 24254143
List the prime factors of 66605874.
2, 3, 11100979
List the prime factors of 914973549.
3, 7, 97, 157, 2861
List the prime factors of 54470376.
2, 3, 756533
List the prime factors of 6196680.
2, 3, 5, 7, 2459
What are the prime factors of 4838232683?
4838232683
List the prime factors of 44638499.
44638499
List the prime factors of 3291800160.
2, 3, 5, 11, 19, 157
What are the prime factors of 387754698?
2, 3, 19, 3401357
List the prime factors of 83927914.
2, 7, 29, 37, 151
What are the prime factors of 1845768463?
7, 11, 41, 584659
List the prime factors of 466510025.
5, 18660401
What are the prime factors of 111444989?
3119, 35731
What are the prime factors of 517373499?
3, 251, 687083
List the prime factors of 47188859.
151, 312509
What are the prime factors of 3213298882?
2, 127, 12650783
List the prime factors of 345749192.
2, 1549, 27901
List the prime factors of 121275774.
2, 3, 199, 33857
List the prime factors of 1188146749.
41, 113, 317, 809
What are the prime factors of 48725536?
2, 17, 43, 2083
What are the prime factors of 782961373?
2953, 265141
What are the prime factors of 30666936?
2, 3, 31, 47, 877
List the prime factors of 97279882.
2, 7, 17, 37, 11047
List the prime factors of 805092309.
3, 7, 89, 139, 1033
What are the prime factors of 1296354645?
3, 5, 113, 84979
List the prime factors of 3528008103.
3, 19, 31, 1996609
List the prime factors of 321805333.
321805333
What are the prime factors of 94053976?
2, 389, 30223
List the prime factors of 39800137.
13, 227, 13487
What are the prime factors of 2770236180?
2, 3, 5, 5130067
List the prime factors of 59278080.
2, 3, 5, 43, 359
List the prime factors of 1066757734.
2, 7, 457, 23819
What are the prime factors of 180593920?
2, 5, 13, 10853
What are the prime factors of 37006667?
53, 698239
What are the prime factors of 6860254672?
2, 1231, 348307
List the prime factors of 16180764.
2, 3, 97, 13901
List the prime factors of 45786832.
2, 7, 13, 41, 59
What are the prime factors of 265186665?
3, 5, 23, 256219
What are the prime factors of 19693350?
2, 3, 5, 107, 409
List the prime factors of 66486348.
2, 3, 1846843
What are the prime factors of 752614877?
7, 5689, 18899
List the prime factors of 75906729.
3, 19, 443899
What are the prime factors of 728797033?
73, 1721, 5801
List the prime factors of 1677362543.
3373, 497291
List the prime factors of 578875854.
2, 3, 96479309
List the prime factors of 191367050.
2, 5, 7, 19, 4111
List the prime factors of 135168327.
3, 7, 2145529
List the prime factors of 2730140353.
157, 17389429
What are the prime factors of 125786015?
5, 25157203
What are the prime factors of 2095521052?
2, 1493, 350891
What are the prime factors of 1499119910?
2, 5, 29, 5169379
What are the prime factors of 265038980?
2, 5, 19, 36709
What are the prime factors of 883016536?
2, 110377067
List the prime factors of 1604001715.
5, 23, 1153, 12097
List the prime factors of 174141369.
3, 223, 86767
List the prime factors of 33280017.
3, 3067, 3617
List the prime factors of 147495042.
2, 3, 569, 14401
What are the prime factors of 2626410807?
3, 47, 6209009
What are the prime factors of 3632095?
5, 726419
List the prime factors of 870217007.
11, 29, 2727953
List the prime factors of 3780540011.
163, 797, 29101
What are the prime factors of 824961933?
3, 91662437
List the prime factors of 14283474.
2, 3, 1031, 2309
What are the prime factors of 971083794?
2, 3, 103, 563, 2791
What are the prime factors of 1390660631?
911, 1526521
What are the prime factors of 2177854377?
3, 17, 31, 1377517
What are the prime factors of 11326848?
2, 3, 13, 2269
List the prime factors of 7697787.
3, 17, 149, 1013
What are the prime factors of 463467011?
7, 3697, 17909
What are the prime factors of 849200609?
17, 53, 942509
List the prime factors of 161677521.
3, 17964169
List the prime factors of 20715104.
2, 199, 3253
What are the prime factors of 2069604222?
2, 3, 7, 19, 97, 26737
List the prime factors of 1406001871.
61, 911, 25301
List the prime factors of 1445876215.
5, 7, 487, 84827
What are the prime factors of 143141971?
7, 20448853
What are the prime factors of 4924949842?
2, 23, 3643, 29389
List the prime factors of 572491431.
3, 4289, 14831
List the prime factors of 214425345.
3, 5, 109, 313, 419
What are the prime factors of 958807098?
2, 3, 107, 165941
What are the prime factors of 1999434298?
2, 23, 43465963
What are the prime factors of 137232376?
2, 563, 30469
What are the prime factors of 18817549?
29, 157, 4133
What are the prime factors of 59212354?
2, 29606177
What are the prime factors of 649021305?
3, 5, 29, 53, 28151
List the prime factors of 62483131.
53, 1178927
What are the prime factors of 1592549165?
5, 16333, 19501
List the prime factors of 4466642580.
2, 3, 5, 1979, 12539
What are the prime factors of 1780031060?
2, 5, 71, 479, 2617
List the prime factors of 250099009.
250099009
What are the prime factors of 32827410?
2, 3, 5, 7, 11, 1579
What are the prime factors of 43657557?
3, 29, 317, 1583
What are the prime factors of 1065905353?
23, 29, 601, 2659
What are the prime factors of 972277595?
5, 19, 10234501
What are the prime factors of 1046976726?
2, 3, 174496121
List the prime factors of 1465590156.
2, 3, 19, 43, 149489
List the prime factors of 15127854.
2, 3, 7, 360187
What are the prime factors of 372012725?
5, 7, 29, 73303
What are the prime factors of 924366599?
13, 103, 690341
List the prime factors of 193113554.
2, 2383, 40519
What are the prime factors of 3146425652?
2, 786606413
What are the prime factors of 1828985722?
2, 59, 79, 196201
List the prime factors of 1242837784.
2, 199, 3923
What are the prime factors of 3415068630?
2, 3, 5, 17, 2232071
What are the prime factors of 2915682226?
2, 557, 1091, 2399
List the prime factors of 46923334.
2, 29, 809023
What are the prime factors of 38862929?
7, 29, 3907
What are the prime factors of 308140918?
2, 154070459
What are the prime factors of 7804350338?
2, 3902175169
What are the prime factors of 141756092?
2, 137, 139, 1861
List the prime factors of 34950820.
2, 5, 1747541
List the prime factors of 891844401.
3, 7, 19, 2235199
What are the prime factors of 22876254?
2, 3, 17, 74759
What are the prime factors of 915186951?
3, 7, 23, 210533
List the prime factors of 51078012.
2, 3, 4256501
What are the prime factors of 3738428247?
3, 1246142749
List the prime factors of 323567101.
11, 13, 1433, 1579
What are the prime factors of 3826496174?
2, 113, 2879, 5881
List the prime factors of 1140373477.
2017, 565381
List the prime factors of 286757761.
286757761
What are the prime factors of 58992967?
11, 19, 277, 1019
What are the prime factors of 122609221?
7, 2502229
List the prime factors of 8398641.
3, 1373, 2039
What are the prime factors of 194058324?
2, 3, 19, 61, 4651
What are the prime factors of 7501801158?
2, 3, 3989, 104479
What are the prime factors of 34971214?
2, 193, 90599
What are the prime factors of 2056209730?
2, 5, 53, 3879641
List the prime factors of 1174865862.
2, 3, 47, 4166191
List the prime factors of 2000233573.
13, 1523, 101027
List the prime factors of 77780882.
2, 17, 37, 3637
What are the prime factors of 24227783?
83, 291901
List the prime factors of 6516397.
331, 19687
List the prime factors of 7247439399.
3, 2415813133
What are the prime factors of 1973207256?
2, 3, 103, 798